nits digit of q?
2
Let j(l) = -3*l**2 + 2*l**2 + 2*l**2 + l**2 + 1 - 2*l. What is the units digit of j(1)?
1
Suppose -360 = -3*p + 3*d - 2*d, -2*p = d - 245. What is the tens digit of (-22)/p + (-664)/(-22)?
3
What is the units digit of 0 - -4 - (-8 + 6)?
6
Let q = -7 + 12. Let m = -3 + q. Suppose v + 5 - 16 = -2*z, m*v - 2*z - 10 = 0. What is the units digit of v?
7
Let t(j) = 2*j - 8. Let r be t(6). Let w = 20 - r. What is the tens digit of w?
1
Let b = -2 - -2. Suppose -k + 3*k - 10 = b. What is the units digit of 82/10 - 1/k?
8
Suppose -i = -2*i + 4. Suppose -i*z - 2*s + 10 = 0, -z + 3*s = -3*z - 5. What is the units digit of z?
5
Suppose -8 = -m - 0*m. Let l = m - 6. Suppose 2*r - 8 = -l*r. What is the units digit of r?
2
Let f(y) = 40*y - 7. What is the hundreds digit of f(3)?
1
Let u(m) = -m - 16. Let b be u(-9). Let g = b - -8. What is the units digit of g?
1
Suppose -2*a - 1 - 18 = -5*g, -4*a - 8 = -4*g. Suppose a*z + 2*z = 0. What is the units digit of z/2 + 3 + 3?
6
What is the hundreds digit of 149 + -6 + (1 - 0) + -4?
1
Suppose -y = 2*y. Suppose 8*q - 3*q - 15 = y. What is the units digit of q?
3
Let y(a) = a**3 + a**2 - a + 32. What is the units digit of y(0)?
2
Let s = 72 - 37. Let n = s + 10. What is the units digit of n?
5
What is the units digit of (-1)/7 + (7902/42 - -1)?
9
Suppose 2*q = 6 + 34. What is the units digit of q?
0
What is the units digit of 31 + (3 - 0) - 1?
3
Let l = 2 + 1. Suppose u + 2 = 2*a, 2*a - 5*u = l*a - 12. What is the units digit of (a/(-2) - 1) + 7?
5
Suppose -2*r + 80 = 5*p + 3*r, 3*r = 6. What is the tens digit of p?
1
Let a be (-10)/5 + -4 + 1. Let g(l) = -4*l**2 - 3*l + 6. Let z(d) = 7*d**2 + 7*d - 13. Let i(m) = a*g(m) - 3*z(m). What is the units digit of i(-7)?
2
Suppose -5*x + 74 = -6*p + 5*p, 2*x - 35 = -5*p. Suppose -s = -2*s + 3. Suppose -4*v = -5*l + v + 25, 2*v + x = s*l. What is the units digit of l?
5
Suppose -11*o - 120 = -1264. What is the hundreds digit of o?
1
Suppose -5*s - 99 + 34 = 0. Let b = 28 + s. What is the units digit of b?
5
Suppose 4 = -3*s + 13. What is the units digit of (-45)/(-12)*8/s?
0
Let j(v) = 2*v - 16. Let r be j(11). Let l(n) = n**3 + 7*n**2 + 6*n - 2. Let q be l(-6). What is the units digit of (1 - q)*2/r?
1
Suppose a + 207 = 10*a. What is the tens digit of a?
2
Suppose -15*i = -16*i + 5. Suppose -2*t + 4*r + 0*r + 100 = 0, -i*t + 255 = -5*r. What is the units digit of t?
2
Let o(r) = 1. Let l(p) = -p - 12. Let k(t) = -l(t) - 6*o(t). What is the units digit of k(13)?
9
Let l be 0 + 1 + 1 - 22. Let u = l + 29. What is the units digit of u?
9
Suppose 2*m - 92 = -2*m. What is the tens digit of m?
2
Let d(r) = 2*r - 3. Let g be d(2). Let m be (9/(-18))/(g/(-6)). Suppose 4*a - 2*a - 3 = -s, -m*a + 3*s + 27 = 0. What is the units digit of a?
4
Let x = 16 - 13. Let p(b) = 3*b - 1. Let o be p(2). Suppose 25 = 5*r + o*m, -x*r + r = 5*m - 7. What is the units digit of r?
6
Let m(z) = -z**3 + z**2 - z + 14. Let b(t) = -t**2 - 3*t + 4. Let w = 7 - 11. Let l be b(w). What is the units digit of m(l)?
4
Suppose -7*f = -583 - 544. What is the hundreds digit of f?
1
Suppose -4*w - 1 = 7. Let d(t) = t**2 - t - 1. What is the units digit of d(w)?
5
Let v be 0*((3 - 2) + 0). Suppose -3*z + 9 = 5*j, 3*j = 3*z - v*z - 9. What is the units digit of z?
3
Suppose 0 = -2*u + 6*u - 5*l - 188, -u + 2*l + 44 = 0. What is the units digit of u?
2
Let m = -8 - -11. Suppose -m*p + 0*p - 2*n + 16 = 0, 22 = 5*p + n. Suppose 0 = p*l + l - 85. What is the tens digit of l?
1
Let p = -7 + 3. Let y = 6 - p. What is the units digit of y?
0
Let l(n) = n**3 + 7*n**2 - n + 2. What is the units digit of l(-6)?
4
What is the tens digit of 1*-3*(-132)/6?
6
Suppose -2*s - 4*v - 8 = -9*v, -2*s + v = -8. What is the units digit of s?
6
Let w = -6 - -42. Let v be 3 - 1 - 1 - -4. Suppose 0 = -v*m + w - 1. What is the units digit of m?
7
Let f be (-1)/((-2)/16) + -2. Let o = -2 + f. What is the units digit of o?
4
Suppose 0*r = 5*r + 30. Let g = r + 1. Let p = -4 - g. What is the units digit of p?
1
Let l be (-2 - (-9)/2)*2. Suppose 21 + 34 = l*w. What is the units digit of w?
1
Let f be (-1472)/20 + 3/5. Let o = -46 - f. What is the units digit of o?
7
Suppose 0 = 3*g + 4*r - 4, 3*g + 2*r - 4 = -2. Suppose g*w + 13 = w. What is the tens digit of w?
1
Let u(r) = 6*r + 17. What is the tens digit of u(7)?
5
Let a(y) = y + 2. What is the units digit of a(3)?
5
Suppose -9 = -i + 5. What is the units digit of i?
4
Suppose 3*h = 7*h - 16. What is the units digit of h?
4
Suppose 5*n - p - 3*p = 15, -3*p + 50 = 5*n. What is the units digit of n?
7
Let m be (1/2)/((-1)/(-4)). Suppose m*b + b = -n + 19, 0 = 2*b + 4*n - 6. What is the units digit of b?
7
Suppose o + 5*o = 474. What is the units digit of o?
9
What is the units digit of (-1)/(-3*4/204)?
7
Suppose 4 = 2*j - 2*p - 12, -24 = -4*j - 4*p. Suppose 5*u = -2*h - 30, 4*h = 4*u + 17 + j. Let x = 1 - u. What is the units digit of x?
7
Let y(h) = 0*h + h - 3*h**2 + 0*h. Let m be y(1). What is the tens digit of (8/(-5) - m)*25?
1
Let j = -2 - -4. Suppose -2*d + j*i - i + 13 = 0, -5*d = -i - 28. What is the units digit of d?
5
Let s(a) = a**2 + a + 1. Let g(t) be the third derivative of t**5/30 - t**4/8 + 13*t**3/6 + t**2. Let h(v) = g(v) - 3*s(v). What is the units digit of h(-7)?
3
Suppose -f = -3*s - 47, -7*s + 3*f = -2*s + 85. What is the tens digit of (s - 2)*(-10)/8?
2
Let v be (6 - 3)*2/6. Let l = v - -1. What is the units digit of (-32)/6*(-3)/l?
8
Let l(u) = u**3 - 14*u**2 + u - 1. Suppose -i + 53 = 4*h + 2*i, 4*h = 2*i + 58. What is the tens digit of l(h)?
1
Suppose -4*g + 19 = 5*b - 157, -3*b = -3*g + 132. Suppose -4*d = -g - 8. What is the tens digit of d?
1
Suppose -15 = -6*t + t. Suppose -3*z + 12 = 4*k, 6 = -t*z - 6. Let m = 8 - k. What is the units digit of m?
2
Suppose u - 6 = -21. Let a = u - -9. Let v = 0 - a. What is the units digit of v?
6
Suppose 2*s - 89 = -4*f - s, -5*f + 115 = 5*s. Suppose -5*n = -65 - f. What is the units digit of n?
7
Suppose -4*m + 5*l = -0*m - 188, 188 = 4*m - l. What is the tens digit of m?
4
Let o(y) = y - 4. What is the units digit of o(6)?
2
Suppose -j - 3 + 0 = 0. What is the tens digit of (-82)/j + 4/(-12)?
2
Suppose -7*l + 2*l - 20 = 0. Let w = l - -6. Suppose 0 = w*i - 5*i + 51. What is the tens digit of i?
1
Suppose 0 = -4*r - 0*r + 8. Suppose -1 - r = -h. Let s = 2 + h. What is the units digit of s?
5
Suppose 2*o - 12 = -4*b, -4*b - 16 = -5*o - 0*b. Suppose -6 = -p + o*p. What is the units digit of (-3)/(p - (-87)/48)?
6
Let k = 70 - 35. What is the tens digit of k?
3
Let b = -4 + -2. Let d = 19 + b. What is the tens digit of d?
1
Suppose 5*u - 18 = 2*r, -4*u - 5*r - 12 = -0*r. Let a = 5 - u. Suppose 0 = 2*g - a + 1. What is the units digit of g?
1
Suppose -2284 = -14*g - 842. What is the hundreds digit of g?
1
Let p(n) = n + 10. Let u be p(-5). Suppose 4 = 2*t + q, 4*t = -t - u*q. Suppose 0 = -3*m - 15, 3*v - t*m = -2*m + 46. What is the units digit of v?
2
Let z be ((-14)/(-5))/((-16)/(-40)). Suppose -3*y = -z*y + 124. What is the units digit of y?
1
Suppose 3*x - 12 - 9 = 0. Suppose 0*q + q = x. What is the units digit of q?
7
Let d(o) = 3*o**2 + o. Let x be d(1). Let f = x + -3. What is the units digit of f?
1
Let s be (-6)/5*(5 - 0). Let c(f) = -5*f - 8. What is the units digit of c(s)?
2
Let h = -8 - -11. Suppose 3 = -3*f, 0*f + 5*f + 41 = h*g. Suppose 0 = -i - 3*i + g. What is the units digit of i?
3
Let t(u) = 3*u**3 - 2*u**2 - 2*u. Suppose -2*q = -4*x - 2 - 0, -2*q + 18 = 4*x. Let z be t(x). Suppose 0*k = -2*k + z. What is the units digit of k?
6
Let i = -6 - -10. Suppose -25 = -i*g + s, -2*g + 7*g + 4*s - 26 = 0. What is the units digit of g?
6
Let g(z) = -z**3 + 15*z**2 + 6*z + 2. What is the tens digit of g(15)?
9
Let z = -4 + 165. What is the tens digit of z?
6
Suppose 0*l + 5 = l. Suppose l*r - r = 32. What is the units digit of r?
8
Let l = 108 + -64. What is the units digit of l?
4
What is the tens digit of 2 + -12*2/(-1)?
2
Suppose 4*w - 2*w - 3 = -3*b, -w - 2*b = -1. Suppose 4*j + 4 = 0, 4*n + 3*j + 2*j = w. Let a = n - -3. What is the units digit of a?
5
Let l(r) = r**2 + r**3 + 13 - r + 0*r**2 + 2. What is the units digit of l(0)?
5
Let w(b) = b**3 - 8*b**2 + 2*b - 1. Let i be w(8). Let d = 6